 = i - -13. What is the tens digit of k?
8
Let b(d) = 33*d**3 - 45*d**2 + 168*d + 39. What is the units digit of b(8)?
9
Let q = -7595 + 64222. What is the thousands digit of q?
6
Let x = 215 + 200. Let i = 813 - x. What is the hundreds digit of i?
3
Suppose -2*y + 44 + 96 = 0. Let f be ((-42)/(-35))/(2/y). Suppose 5*x + f = 467. What is the units digit of x?
5
Let r(w) = -w**3 + 1. Let p(q) = 3*q**3 + 9*q**2 + q + 17. Let b(i) = -p(i) - 2*r(i). What is the tens digit of b(-11)?
3
Suppose 16*s - 5*s = -6182. Let a = 870 + s. What is the tens digit of a?
0
Suppose -3*h - 4*w = 694, -h - 4*w + 50 = 276. Let d = 513 + h. What is the units digit of d?
9
Suppose -55*n + 416923 + 1194082 = 0. What is the thousands digit of n?
9
Let r = 82 - 52. Let s = 175 - r. What is the tens digit of s?
4
Let a(c) = c**3 - 5*c**2 - 2*c + 11. Let s be a(6). Suppose 0 = -40*n + s*n - 10. What is the hundreds digit of n/11 + 15468/132?
1
Suppose -26*v + 359955 = -141244 - 40849. What is the ten thousands digit of v?
2
Let c = -180 - -185. Suppose 0 = c*o - 19*o + 7350. What is the tens digit of o?
2
Suppose 2*r = -5*b - 6, 1 = -2*b - 3. Let i be (-3)/(-3)*-1*(r + 59). What is the tens digit of -2*i/10*(1 - -4)?
6
What is the thousands digit of -183185*(12/63*-3)/((-50)/(-35))?
3
Suppose 0 = 4*z + 767*c - 768*c - 77533, 5*z + 5*c = 96935. What is the ten thousands digit of z?
1
Let p(i) = -3*i**3 - 87*i**2 - 107*i + 245. What is the thousands digit of p(-42)?
3
Let f = 23 - 29. Let j(s) = -5 + 39 - 15 + 27 - 14*s. What is the hundreds digit of j(f)?
1
Let d(v) = -14*v + 10 + 29*v - 15 + 6*v**2. Let x be d(-5). Let o = 31 + x. What is the hundreds digit of o?
1
Let c(f) = 639*f**3 - 4*f**2 + 9*f - 7. What is the tens digit of c(3)?
3
Let g be -61*((-119)/7 - -4). Let i = g - 21. What is the units digit of i?
2
Let b = -1923 + 1927. Suppose 0 = -4*t + 2*t - 2*u + 8, -t + 8 = -u. Suppose -236 = -3*m + 5*q, t*q = -b*m + 3*q + 363. What is the tens digit of m?
8
Let q(o) = o**3 + 7*o**2 - 8*o + 16. Let l = -8 - -17. Let n(t) = t**2 - 9*t - 6. Let h be n(l). What is the hundreds digit of q(h)?
1
Let m = 97312 - 18212. What is the thousands digit of m?
9
Suppose -24*k - 2646 = -18798. What is the units digit of k?
3
Suppose -42*f = 35*f + 154. Let s(j) be the third derivative of -29*j**4/8 - j**3/2 + 3*j**2. What is the units digit of s(f)?
1
Suppose -8*z = -356 + 2788. Let b = z - -442. What is the units digit of b?
8
Let g(y) = -18*y + 695. Let q be g(0). What is the tens digit of (-9 + 5 - 0)/((-10)/q)?
7
Suppose 38387 = 103*r - 28*r - 197188. What is the units digit of r?
1
Let q(t) = t**3 + 16*t**2 + 9*t - 2. Suppose -49*f = -52*f - 21. What is the tens digit of q(f)?
7
Suppose -5*x + 37307 = 3*n, -2*n + 26423 = 3*x + 1554. What is the thousands digit of n?
2
What is the thousands digit of (8/(-6) - -2)/(-10 - (-957272)/95727)?
1
What is the thousands digit of (-4 - -1) + (-137756)/(-10) + (-6)/(-15)?
3
Suppose -8*a - 32 = -m - 3*a, -2*a - 38 = -4*m. Let i(x) = -x**3 + 8*x**2 - 8*x + 7. Let d be i(m). Suppose -10*z - z + 242 = d. What is the tens digit of z?
2
Let z(u) = 4*u**2 - 24*u - 3. Let m be z(6). What is the hundreds digit of m/(-6) + 1/(12/13386)?
1
Suppose r - 118 = -478. Let q = -155 - r. What is the hundreds digit of q?
2
Suppose 0 = 30*g + 9016 - 466. Let l = 1590 + g. What is the units digit of l?
5
Suppose -331645 = -30774*y + 30755*y. What is the hundreds digit of y?
4
Suppose -72*f = -81341 - 114990 - 23269. What is the thousands digit of f?
3
Let w be (-7 - -3 - -8) + 1. Suppose 0 = -w*a + a. Suppose 44 = 4*y - a. What is the tens digit of y?
1
Suppose 5*s - 22 - 323 = 0. Suppose 0 = 2*x - s - 157. What is the units digit of x?
3
Suppose -1 = 3*i - 7. What is the units digit of ((-96)/(-9) - i)/((-8)/(-12))?
3
Suppose 10 = 2*j - 2*n, 0 = -2*j - 3*n - 18 + 13. Let b(i) = 244*i**2 + i + 3. What is the units digit of b(j)?
1
Let c = -61 - -67. Suppose y + 4*w = 561, w + 2742 = -y + c*y. What is the units digit of y?
9
Let f(d) be the third derivative of d**4/24 + d**3/6 - 2*d**2. Let g be f(4). Suppose 0 = g*p, -w + 2*p + 270 = 2*w. What is the units digit of w?
0
Let t(f) = 131*f**2 - 133*f**2 - 28 - 5*f**3 + 0*f**3 - 6*f. What is the hundreds digit of t(-6)?
0
Let n = 278 - -34. Suppose -87*v - n = -91*v. Suppose 0 = -2*s + 198 + v. What is the tens digit of s?
3
Suppose 3*i + 7842 = 34572. Suppose -3415 - i = -17*d. What is the units digit of d?
5
Let y(g) = -g - 5. Let x(b) = -3*b - 20. Let o(d) = -2*x(d) + 9*y(d). Let s be o(-6). Suppose -s*v + 14*v = 131. What is the tens digit of v?
3
Suppose 21*w - 19*w - 36980 = z, 4*z = -w + 18481. What is the ten thousands digit of w?
1
Let r(l) = l**3 + 4*l**2 - 3*l - 8. Let p = -28 - -24. Let u be r(p). Let n = 35 - u. What is the units digit of n?
1
Let u = 110100 + -68298. What is the tens digit of u?
0
Let v = 62 - 74. Let a(r) = -16*r + 40. Let g be a(v). Suppose -x - 24 = 4*s - g, 4*x + 5*s = 810. What is the units digit of x?
0
Suppose -5*o - 28 = 12. Let g = -6 - o. Suppose r + g*n - 82 = 0, 3*r - 262 + 20 = -4*n. What is the tens digit of r?
7
Suppose -4*x - 282 = -3*a, 6*a - 75 = 5*a - 5*x. Suppose -2*g = g + 4*c - 190, -5*g + 282 = -2*c. Let f = g + a. What is the hundreds digit of f?
1
Let u(g) = 8*g**2 - 113*g - 76. What is the tens digit of u(29)?
7
Let y = -100 + 55. Let g = 49 + y. Suppose -g*m - 12 = 0, 141 = q + m + 3*m. What is the tens digit of q?
5
Let j(v) = v + 27. Let g be j(-11). Suppose -1815 = -21*d + g*d. Suppose d = 7*u - 4*u. What is the hundreds digit of u?
1
Let b be ((-1)/2)/((-9)/54). Suppose -3*p - b*z + 762 = 0, p - 193 - 81 = 4*z. What is the tens digit of p?
5
Suppose -4*p = -2*z - 8, 2*p + p - 3*z = 6. Let q(v) = 0 - v + 19*v**2 - p*v + 1. What is the tens digit of q(2)?
7
Suppose -3*a + b + 3 = -2*b, 5*b - 13 = -a. Let l(z) be the second derivative of 5*z**3 + z**2/2 + 350*z. What is the units digit of l(a)?
1
Suppose 0 = -19*b + 1633 - 170. Suppose -5*k + 725 = 5*d, -d = k + 3*k - 565. Suppose b + k = v. What is the units digit of v?
7
Let k be 930 - (5 + -10 + -1). Suppose -k = -8*b - 5*b. What is the tens digit of b?
7
Let n = 2526 - 2132. What is the units digit of n?
4
Suppose -6 = -3*t - 33. Let w be (t/(-4))/(7/728). Let y = w - 141. What is the units digit of y?
3
Let l be (-1)/(2 + (-18330)/9162). Suppose -23*s + 2*i = -26*s + l, -s + 509 = 2*i. What is the units digit of s?
9
Let t(c) = -63*c - 4. Let p be 704/(-56) - (-4)/7. What is the units digit of t(p)?
2
Suppose -15*z + 41186 + 80629 = 0. What is the units digit of z?
1
What is the tens digit of 8504 - ((-20)/180 + (-17)/9)?
0
Let q = 165 + -97. Let h be 3/39 - 5340/130. Let k = q + h. What is the units digit of k?
7
Let m = -67 + 139. Let p be (6 + 14 + -8)/((-6)/((-6)/3)). What is the tens digit of ((-74)/p)/((-12)/m)?
1
Suppose 4*a + 181664 = 36*a. What is the units digit of a?
7
Suppose 3*u - 21 = 4*l, -u + 6*l + 6 = 5*l. Suppose -n + 215 = x - 5*n, -9 = u*n. What is the hundreds digit of x?
2
Suppose 8777 + 70303 = 6*n. What is the hundreds digit of n?
1
Let g be 24/(-32) - (-870)/8. Let f(l) = -l**2 + 7*l - 4. Let o be f(4). Suppose -o*y + 92 = -g. What is the units digit of y?
5
Let m = -45 - -50. Suppose 0 = i - m*i - 4*w - 828, 0 = 2*i - w + 417. Let p = i - -351. What is the units digit of p?
3
Let z(i) = -5*i**3 + 5*i**2 + 8*i + 18. Let r be z(-6). Suppose -2*j + r - 341 = l, j = -l + 447. What is the hundreds digit of j?
4
Let d = 255 + -251. What is the tens digit of 1298/d + (-54)/108?
2
Suppose 190*t - 1152 = 198*t. What is the units digit of 220*(t/(-45) - -4)?
4
Suppose q - 2 = 23. What is the tens digit of 3032/10 - (9 - 220/q)?
0
Let a(c) = c**2 - 25*c + 47. Let p be a(23). Suppose -p - 1172 = -3*m. What is the hundreds digit of m?
3
What is the thousands digit of 8 - ((-40)/8 - 10645) - (-1 + -4)?
0
Let p be (-2)/(-8) + (-23)/(-4). Let z = 90 - 83. Suppose -p*c - z*c = -559. What is the units digit of c?
3
Suppose 5*a + 3*w = 1614, -7*a + 3*w = -6*a - 312. Let c = a - 68. What is the tens digit of c?
5
Suppose 0 = -7*g + 5*m + 109916, g - 5*m + 6*m = 15716. What is the ten thousands digit of g?
1
Suppose 0 = -3*n - 5*g - 98, -n + 21*g - 46 = 16*g. What is the units digit of ((-18